{"id":89,"date":"2018-05-23T21:02:53","date_gmt":"2018-05-23T19:02:53","guid":{"rendered":"http:\/\/djchristaffa.de\/?page_id=89"},"modified":"2018-05-23T21:05:57","modified_gmt":"2018-05-23T19:05:57","slug":"datenschutz","status":"publish","type":"page","link":"https:\/\/djchristaffa.de\/index.php\/datenschutz\/","title":{"rendered":"Datenschutz"},"content":{"rendered":"<p><strong>Haftungsausschluss\/Datenschutzerkl\u00e4rung<\/strong><\/p>\n<p><strong>Verweise und Links<\/strong><\/p>\n<p>Mein Angebot kann auch Links und Verweise zu Internetangeboten Dritter enthalten. Ich m\u00f6chte Sie darauf hinweisen, dass ich keinen Einfluss auf deren Inhalte habe und demnach auch keine Gew\u00e4hr daf\u00fcr \u00fcber- nehmen kann. Allein der Drittanbieter ist f\u00fcr seine Internetseiten verantwortlich. Ich habe jedoch zum Zeitpunkt der Verlinkung bzw. des Verweises die Internetseiten Dritter auf m\u00f6gliche offensichtliche Rechtsverst\u00f6\u00dfe gepr\u00fcft und keine solche feststellen k\u00f6nnen. Da eine laufende \u00dcberpr\u00fcfung verlinkter Internetseiten nicht m\u00f6glich und auch nicht zumutbar ist, kann ich lediglich bei konkreten Anhaltspunkten reagieren. Sobald mir ein Rechtsversto\u00df bekannt wird, werde ich derartige Links bzw. Verweise umgehend entfernen.<\/p>\n<p><strong>Eigene Inhalte<\/strong><\/p>\n<p>Ich bin f\u00fcr meine eigenen Inhalte verantwortlich. Ich habe diese mit gr\u00f6\u00dfter Sorgfalt erstellt, kann jedoch f\u00fcr Vollst\u00e4ndigkeit und Aktualit\u00e4t keine Gew\u00e4hr \u00fcbernehmen. Es besteht keine Verpflichtung, \u00fcbermittelte oder gespeicherte fremde Informationen zu \u00fcberwachen oder nach Umst\u00e4nden zu forschen, die auf eine rechtswidrige T\u00e4tigkeit hinweisen. Verpflichtungen zur Entfernung oder Sperrung der Nutzung von Informationen nach den allgemeinen Gesetzen bleiben hiervon unber\u00fchrt. Eine diesbez\u00fcgliche Haftung ist jedoch erst ab dem Zeitpunkt der Kenntnis einer konkreten Rechtsverletzung m\u00f6glich. Bei bekannt werden von entsprechenden Rechtsverletzungen werden ich diese Inhalte umgehend entfernen. S\u00e4mtliche verwendeten Bilder sind selbst erstellt.<\/p>\n<p><strong>Datenschutz<\/strong><\/p>\n<p>Ich als Betreiber dieser Seiten nehme den Schutz Ihrer pers\u00f6nlichen Daten sehr ernst. Ich behandel Ihre personenbezogenen Daten vertraulich und entsprechend der gesetzlichen Datenschutzvorschriften (aktuelle DSGVO) sowie dieser Datenschutzerkl\u00e4rung. Die Nutzung meiner Webseite ist in der Regel ohne Angabe personenbezogener Daten m\u00f6glich. Soweit auf meinen Seiten personenbezogene Daten (beispielsweise Name, Anschrift oder E-Mail-Adressen) erhoben werden, erfolgt dies, soweit m\u00f6glich, stets auf freiwilliger Basis. Diese Daten werden ohne Ihre ausdr\u00fcckliche Zustimmung nicht an Dritte weitergegeben. Ich weise darauf hin, dass die Daten\u00fcbertragung im Internet (z.B. bei der Kommunikation per E-Mail) Sicherheitsl\u00fccken aufweisen kann. Ein l\u00fcckenloser Schutz der Daten vor dem Zugriff durch Dritte ist nicht m\u00f6glich.<\/p>\n<p>Quellenangabe: https:\/\/www.e-recht24.de sowie pers\u00f6nliche Erg\u00e4nzungen<br \/>\nBetreiber der Internetseite: Christopher Wedler, K\u00f6nigsberger Stra\u00dfe 80, 27356 Rotenburg<\/p>\n<p><strong>Unverlangte Zusendung von Werbung<\/strong><\/p>\n<p>Die von mir im Rahmen der Impressumspflicht ver\u00f6ffentlichten Daten stellen keine konkludente Zustimmung zur Zusendung bzw. \u00dcbermittlung von Werbema\u00dfnahmen dar. Ich bitte ausdr\u00fccklich von der Zusendung unverlangter Werbung abzusehen und behalte mir bei Zuwiderhandlung eine Rechtsverfolgung vor.<br \/>\n\u200b<br \/>\n<strong>Verarbeitungsverzeichnis<\/strong><\/p>\n<p>\u200bDas Verarbeitungsverzeichnis kann gem\u00e4\u00df der DSGVO gerne zugestellt werden.<br \/>\n\u200b<br \/>\n<strong>Einhaltung der DSGVO<\/strong><\/p>\n<p>\u200bDiese Homepage wurde nach bestem Gewissen den strengen Auflagen der DSGVO angepa\u00dft. Sollte es einmal vorkommen, da\u00df ein Punkt nicht ber\u00fccksichtigt wurde, so ist vor dem Einschalten eines Rechtsbeistandes der Homepagebetreiber per E-Mail (djchristaffa@gmx.de) zu informieren.<\/p>\n","protected":false},"excerpt":{"rendered":"<p>Haftungsausschluss\/Datenschutzerkl\u00e4rung Verweise und Links Mein Angebot kann auch Links und Verweise zu Internetangeboten Dritter enthalten. Ich m\u00f6chte Sie darauf hinweisen, dass ich keinen Einfluss auf deren Inhalte habe und demnach auch keine Gew\u00e4hr daf\u00fcr \u00fcber- nehmen kann. Allein der Drittanbieter&hellip; <\/p>\n","protected":false},"author":1,"featured_media":0,"parent":0,"menu_order":0,"comment_status":"closed","ping_status":"closed","template":"","meta":{"footnotes":""},"_links":{"self":[{"href":"https:\/\/djchristaffa.de\/index.php\/wp-json\/wp\/v2\/pages\/89"}],"collection":[{"href":"https:\/\/djchristaffa.de\/index.php\/wp-json\/wp\/v2\/pages"}],"about":[{"href":"https:\/\/djchristaffa.de\/index.php\/wp-json\/wp\/v2\/types\/page"}],"author":[{"embeddable":true,"href":"https:\/\/djchristaffa.de\/index.php\/wp-json\/wp\/v2\/users\/1"}],"replies":[{"embeddable":true,"href":"https:\/\/djchristaffa.de\/index.php\/wp-json\/wp\/v2\/comments?post=89"}],"version-history":[{"count":3,"href":"https:\/\/djchristaffa.de\/index.php\/wp-json\/wp\/v2\/pages\/89\/revisions"}],"predecessor-version":[{"id":92,"href":"https:\/\/djchristaffa.de\/index.php\/wp-json\/wp\/v2\/pages\/89\/revisions\/92"}],"wp:attachment":[{"href":"https:\/\/djchristaffa.de\/index.php\/wp-json\/wp\/v2\/media?parent=89"}],"curies":[{"name":"wp","href":"https:\/\/api.w.org\/{rel}","templated":true}]}}